70 divide 39976510?
True
Does 2117 divide 430447493?
True
Does 249 divide 745987068?
True
Is 691 a factor of 204891174?
True
Is 895 a factor of 119390563?
False
Does 18 divide 1628553962?
False
Does 808 divide 530544920?
True
Is 703890925 a multiple of 5?
True
Does 30 divide 108269?
False
Does 697 divide 293207256?
False
Does 82 divide 33912576?
True
Does 80 divide 230620518?
False
Is 27 a factor of 229681027?
False
Is 5 a factor of 131978589?
False
Is 62 a factor of 127399374?
False
Is 67644178 a multiple of 382?
True
Is 761546721 a multiple of 814?
False
Is 243599488 a multiple of 992?
True
Does 10 divide 63221255?
False
Is 3237936 a multiple of 13?
True
Is 51358219 a multiple of 11?
True
Does 23 divide 277693245?
False
Is 369903652 a multiple of 148?
True
Is 58 a factor of 45072844?
True
Is 120233071 a multiple of 20?
False
Is 128248276 a multiple of 176?
False
Is 251553825 a multiple of 700?
False
Does 9 divide 36753750?
True
Does 114 divide 124913840?
False
Does 103 divide 355355665?
True
Is 196 a factor of 1206112119?
False
Is 152689435 a multiple of 482?
False
Is 77 a factor of 29293880?
True
Is 1019 a factor of 13013649?
True
Is 1173928140 a multiple of 14?
True
Is 27618840 a multiple of 45?
True
Does 47 divide 60988338?
False
Is 7 a factor of 359012122?
True
Does 975 divide 215581275?
True
Is 679631298 a multiple of 72?
False
Is 2017006288 a multiple of 3916?
True
Does 135 divide 234920561?
False
Is 14 a factor of 2347687468?
True
Does 68 divide 290433916?
True
Is 485549475 a multiple of 149?
False
Is 52 a factor of 870649257?
False
Is 51 a factor of 629262837?
True
Is 320 a factor of 969633775?
False
Is 3671244919 a multiple of 12251?
True
Is 26344545 a multiple of 115?
True
Is 92804506 a multiple of 259?
False
Is 832669822 a multiple of 10?
False
Is 133720146 a multiple of 9?
True
Is 14 a factor of 438946608?
False
Is 271 a factor of 223032448?
False
Is 103355934 a multiple of 418?
True
Is 169 a factor of 37660636?
True
Is 1260483874 a multiple of 3735?
False
Does 24 divide 6245400?
True
Does 527 divide 2055175628?
True
Is 160984896 a multiple of 6?
True
Does 495 divide 352868175?
True
Is 160 a factor of 85400361?
False
Does 20 divide 71052440?
True
Is 464458306 a multiple of 5239?
True
Does 15 divide 213019620?
True
Is 60499572 a multiple of 93?
False
Does 60 divide 11394060?
True
Is 21 a factor of 11301237?
False
Does 608 divide 47975112?
False
Does 5 divide 99196955?
True
Is 393 a factor of 5927673?
False
Does 7 divide 428248516?
False
Does 426 divide 6404484?
True
Does 1107 divide 167452569?
True
Does 14 divide 7352323?
False
Is 4269 a factor of 148633773?
True
Does 1343 divide 157699952?
False
Is 438 a factor of 22058556?
True
Is 11 a factor of 6451632?
True
Does 1339 divide 653181607?
True
Does 14 divide 122684558?
False
Is 22 a factor of 5550774730?
False
Is 269 a factor of 192819200?
True
Is 3051211723 a multiple of 170?
False
Is 16 a factor of 2389016495?
False
Is 14 a factor of 33541508?
True
Is 1027 a factor of 255124259?
True
Does 9 divide 642614211?
True
Does 28 divide 222549012?
True
Is 62 a factor of 264844780?
True
Is 159949809 a multiple of 817?
True
Is 163 a factor of 604910767?
True
Is 57118607 a multiple of 444?
False
Is 37 a factor of 11090771?
False
Is 2016595539 a multiple of 93?
True
Does 45 divide 22004134?
False
Is 2222 a factor of 855513827?
False
Is 46 a factor of 35364791?
False
Is 992385853 a multiple of 41?
True
Does 78 divide 21161946?
True
Is 263 a factor of 52513549?
False
Is 354 a factor of 909291480?
True
Does 22 divide 67480208?
False
Is 120 a factor of 304824000?
True
Is 1613 a factor of 12636254?
False
Is 43462188 a multiple of 198?
True
Is 1960 a factor of 50089170?
False
Is 110 a factor of 7461639?
False
Does 127 divide 1372177977?
True
Is 244 a factor of 1644283548?
True
Is 132750288 a multiple of 11?
True
Is 7426971 a multiple of 3?
True
Is 502 a factor of 865568765?
False
Is 13 a factor of 8646092?
True
Is 104206112 a multiple of 612?
False
Does 474 divide 3158173241?
False
Is 59 a factor of 123012?
False
Does 28 divide 976563336?
True
Is 3089829 a multiple of 207?
False
Does 13 divide 795224786?
False
Is 370996107 a multiple of 280?
False
Is 15975557 a multiple of 13?
True
Is 30136120 a multiple of 28?
True
Is 8 a factor of 18817643?
False
Is 61 a factor of 3050356567?
False
Is 24793188 a multiple of 3?
True
Is 61 a factor of 3754733?
True
Does 18 divide 382898268?
True
Does 573 divide 7355754?
False
Is 38 a factor of 10286790?
True
Is 2774 a factor of 573871250?
True
Is 6 a factor of 918941829?
False
Is 9 a factor of 23333391?
True
Is 696 a factor of 131768620?
False
Is 1056780 a multiple of 3?
True
Does 547 divide 14983424?
True
Is 61 a factor of 185805643?
False
Does 97 divide 68239289?
False
Is 14101779 a multiple of 9?
False
Does 402 divide 78868114?
False
Is 811646374 a multiple of 2233?
True
Is 245 a factor of 434832260?
False
Is 27 a factor of 142512653?
False
Is 1171493893 a multiple of 125?
False
Is 60079569 a multiple of 1507?
True
Does 1987 divide 3788330?
False
Is 282 a factor of 180446442?
True
Does 3682 divide 698725776?
True
Is 150851553 a multiple of 1030?
False
Is 100937773 a multiple of 291?
False
Is 1992028 a multiple of 317?
True
Is 859978445 a multiple of 21?
False
Is 15 a factor of 28121134?
False
Does 12324 divide 2931583824?
True
Does 12 divide 13673700?
True
Is 1367 a factor of 10655765?
True
Is 2256960618 a multiple of 26?
False
Does 264 divide 103607328?
True
Does 43 divide 1361899367?
False
Is 3516 a factor of 123144384?
True
Is 158845064 a multiple of 3642?
False
Is 15 a factor of 155269815?
True
Does 15 divide 1062545441?
False
Is 156889140 a multiple of 14?
False
Does 383 divide 12216240?
False
Is 54727582 a multiple of 16?
False
Is 50 a factor of 16724600?
True
Does 13 divide 5403659?
False
Is 26 a factor of 41767442?
False
Is 54482418 a multiple of 213?
True
Does 79 divide 190042084?
True
Does 389 divide 93458028?
True
Is 12 a factor of 3673692?
True
Is 21419344 a multiple of 2224?
True
Is 15 a factor of 352810323?
False
Does 96 divide 114648672?
True
Is 4 a factor of 479282884?
True
Is 47245669 a multiple of 10?
False
Is 1991 a factor of 936984029?
False
Is 440 a factor of 115415973?
False
Does 412 divide 1783756884?
True
Is 1376 a factor of 44156725?
False
Is 607078923 a multiple of 1397?
True
Is 586 a factor of 66281288?
True
Is 2190 a factor of 44307654?
False
Is 87 a factor of 124687356?
True
Is 52541421 a multiple of 61?
False
Is 37438918 a multiple of 10?
False
Is 8301692 a multiple of 4?
True
Is 625 a factor of 61258125?
True
Is 438 a factor of 459930660?
True
Is 97673985 a multiple of 20?
False
Is 225857958 a multiple of 139?
False
Is 24 a factor of 97505928?
True
Is 74106992 a multiple of 634?
True
Is 1684 a factor of 2922331084?
True
Is 320 a factor of 1001897600?
True
Is 93 a factor of 2746250?
False
Is 145908189 a multiple of 27?
True
Is 61424377 a multiple of 29?
False
Does 24 divide 86511888?
True
Does 180 divide 965075296?
False
Is 3531 a factor of 440264514?
False
Does 215 divide 41285805?
True
Does 9 divide 169353540?
True
Is 2245 a factor of 306105249?
False
Is 14405832 a multiple of 168?
True
Is 76 a factor of 1824354379?
False
Does 173 divide 1143231056?
True
Does 60 divide 9977707?
False
Does 419 divide 2599057?
True
Does 176 divide 8186640?
True
Is 2630297110 a multiple of 38?
True
Is 9217584 a multiple of 216?
True
Is 2247190751 a multiple of 16?
False
Is 627 a factor of 512642955?
False
Does 830 divide 33001021?
False
Is 618 a factor of 43570236?
True
Does 30 divide 24043440?
True
Is 6573 a factor of 193430244?
True
Is 2481 a factor of 43722663?
True
Is 492313189 a multiple of 82?
False
Is 2321 a factor of 40552512?
True
Is 42771273 a multiple of 139?
True
Does 374 divide 933800582?
True
Is 212618692 a multiple of 337?
True
Does 4570 divide 824822089?
False
Is 20023419 a multiple of 291?
True
Is 14905860 a multiple of 33?
False
Is 392 a factor of 52361008?
True
Does 11 divide 305482131?
False
Is 758535600 a multiple of 145?
True
Is 463 a factor of 685347416?
True
Does 805 divide 2587314275?
True
Does 14 divide 505368500?
True
Is 6973 a factor of 192439650?
False
Does 8 divide 12173008?
True
Does 36 divide 170712720?
True
Is 9